late the greatest common divisor of f and h.
18
Suppose -738 = -15*j + 1077. Calculate the greatest common divisor of j and 1573.
121
Let t = 861 + -509. What is the greatest common divisor of 11 and t?
11
Let z = -414 + 189. Let u = z + 340. Calculate the highest common divisor of 23 and u.
23
Let x be 1 - -1 - (-15 - 26/2). What is the greatest common factor of 345 and x?
15
Let b be (-8)/(-5) + 12/30. Let n = 8 - b. Let a(y) = 2*y - 4. Let m be a(n). What is the highest common factor of m and 4?
4
Let q(w) be the third derivative of -w**4/24 + 37*w**3/6 + 16*w**2. Let s be q(-13). What is the highest common factor of 20 and s?
10
Suppose 3*o - 18 = -3*o. Let a be (o - 5)*(2 - 44). Calculate the greatest common divisor of a and 21.
21
Let g be (-90)/8 - 4/(-16). Let i = 31 - g. Calculate the highest common factor of i and 147.
21
Suppose 267 = 3*j - 48. Calculate the greatest common factor of j and 30.
15
Let a = -252 - -324. What is the highest common divisor of 8 and a?
8
Let x be ((-2)/(-4))/(2/108). Let d = -40 - -97. Suppose -d = -3*k - 2*q + 5*q, 0 = 2*k - q - 37. What is the greatest common factor of x and k?
9
Suppose -72 = -8*v + 6*v. Let m(h) = -h**3 - 6*h**2 + 6*h. Let t be m(-7). Let w(z) = 3*z - 3. Let a be w(t). What is the highest common factor of a and v?
18
Suppose -5*u - 2*j + 1701 - 93 = 0, 16 = 4*j. Calculate the greatest common divisor of 5 and u.
5
Let f(r) = r**2 - 5*r - 8. Let c be f(6). Let k be (c - -3)*(2 + -1). Calculate the greatest common factor of 3 and k.
1
Let q be ((-35)/105)/(2/(-72)). Calculate the highest common divisor of q and 56.
4
Let k(d) = -d**3 - 4*d**2 - d + 7. Let y be k(-2). Let b = 10 - 8. What is the greatest common factor of y and b?
1
Suppose -11*v = -5*q - 8*v + 23, -q = -3*v - 7. Let g = -48 - -108. Let x = -16 + g. Calculate the greatest common divisor of x and q.
4
Let b(l) = -l**3 + 15*l**2 + l + 16. Let h be b(15). Suppose -z + 2*c = -h, -2*z - c = -18 - 64. Calculate the highest common factor of z and 91.
13
Let d = 18 + -20. Let u be (-3)/d - ((-11451)/6)/11. Calculate the highest common divisor of u and 7.
7
Let s(m) = -m**3 + 12*m**2 - 14*m + 14. Let x be s(11). Let r = x + 22. What is the greatest common factor of r and 2?
1
Let f(j) = -22*j**2 - 3*j + 3. Let x be f(4). Let t = -257 - x. Calculate the highest common divisor of 26 and t.
26
Let v = 0 - -3. Suppose 2*k + 3*x - 56 = 7*x, 3*k = -v*x + 66. Let l be (-645)/(-4) + 18/k. What is the greatest common factor of 18 and l?
18
Suppose 1254 = -12*h + 34*h. What is the highest common divisor of h and 931?
19
Let d(y) = y**3 - 4*y**2 - y + 6. Let a be d(4). Let f be ((-2)/(-4))/(2*a/952). Calculate the highest common factor of 17 and f.
17
Let i be (-10)/(-4) - 1/2. Suppose 3*w + 4 = k + 4*w, -3*w - 33 = -i*k. Let l = 86 - 41. Calculate the highest common factor of l and k.
9
Let p(s) = 9*s**2 - 19*s - 20. Let y be p(5). Calculate the greatest common factor of y and 10.
10
Suppose 2*g + 825 = 6*g - 3*i, 5*i - 189 = -g. What is the greatest common divisor of 17 and g?
17
Suppose -6*t - 22 = -28. What is the highest common factor of t and 9?
1
Let r = -339 + 375. Calculate the greatest common factor of 8 and r.
4
Let l(b) = 8*b**2 - 29*b + 396. Let z be l(11). What is the highest common factor of 11 and z?
11
Let t = 134 - -670. Calculate the highest common factor of t and 12.
12
Suppose 1 = 2*n - w, -5 = -5*n - 3*w + 3. Let k(c) = -c + 13. Let f be k(12). Let y be f*n/(-2)*-8. Calculate the greatest common divisor of 12 and y.
4
Suppose 17*f - 55 = -3*l + 12*f, 20 = 2*l - 5*f. What is the greatest common divisor of 240 and l?
15
Let v be 2 - 4 - 100/(-5). Calculate the greatest common factor of v and 252.
18
Let u = -81 - -184. Let y = -48 + u. Suppose 4*v + 10 = q + 105, -4*q = -3*v + y. What is the highest common divisor of v and 200?
25
Let a(t) = 3*t - 1. Let i be a(6). Let b = i - 6. Calculate the highest common divisor of 33 and b.
11
Suppose -2*a + 40 = b, 5*b + 66 = 4*a + 14. What is the greatest common divisor of 27 and a?
9
Let z be (2/(-10))/((-21)/105). Let i(t) = 2*t + 4. Let u be i(z). Calculate the greatest common factor of u and 10.
2
Suppose -5*v + 185 = 16*l - 12*l, 2*l + 2*v - 92 = 0. What is the highest common divisor of 1665 and l?
45
Suppose -18*q + 80 + 64 = 0. What is the greatest common divisor of q and 152?
8
Let h be 8/12 + 3 + 345/9. Suppose -h = -4*p + 70. What is the greatest common divisor of p and 28?
28
Suppose 5*q = 3*t + 10, -t = t - q + 2. Suppose 2*h + h - 30 = t. Suppose 103*a - 3060 = a. What is the greatest common divisor of a and h?
10
Let h = 16 + -16. Suppose 10 = 3*j + u, 7 = 4*j - 5*u - h*u. Suppose -11 + 1 = -4*g - j*w, -4*w + 7 = -g. What is the highest common factor of g and 4?
1
Suppose 0 = -4*g + 2*p + 10, -4*g + 4 = -3*p - 1. Suppose -2 = -g*d + 13. What is the greatest common factor of 6 and d?
3
Suppose 2*c = -n + 88, -2*n + 6*n + 8 = 0. Let s = -22 - -38. Suppose -s*h = -11*h - 45. What is the greatest common factor of c and h?
9
Let w be 1/(3/2 - 1). Suppose w - 11 = -2*n + p, -15 = 5*p. Let b = n + 1. What is the highest common divisor of 2 and b?
2
Let q(h) = 9*h**2 - h + 27 + 2*h - 27. Let f be q(1). Let b(k) = 3*k + 9. Let g be b(f). Calculate the highest common factor of g and 26.
13
Let h be 100/12 - 2/(-3). Let f be 1703/21 + 935/105 + -9. What is the highest common divisor of h and f?
9
Let h(r) = 440*r + 1330. Let o be h(-3). Let x be (-9)/(3*2/(-20)). What is the highest common factor of o and x?
10
Let c = -210 + 213. What is the greatest common factor of c and 213?
3
Let w(l) = -l**3 - l**2 - 6*l + 10. Let j be w(6). Let r = j - -520. Calculate the greatest common divisor of r and 22.
22
Let t = 1120 - 1108. What is the highest common divisor of t and 372?
12
Suppose 32*i - 27*i = 410. What is the highest common divisor of i and 861?
41
Let p = -115 + 311. Suppose 24*z + 56 = 26*z. What is the greatest common divisor of z and p?
28
Suppose t = -2*t + 567. Let o be (-1)/(-3) + 248/12. What is the highest common factor of t and o?
21
Suppose -5*o - 35 = 105. Let d = 22 + o. Let n(c) = -c**3 - 5*c**2 + 5*c + 1. Let t be n(d). Calculate the greatest common divisor of t and 77.
7
Suppose -4*s - 4*o + 960 = 0, -3*s + 6*o + 702 = 3*o. Suppose -3*g = -2*w + 2*g + s, -4*w + 5*g = -489. What is the highest common factor of w and 14?
14
Let k(q) = -12*q**3 + q**2 + 5*q + 7. Let t be k(-3). What is the greatest common factor of t and 25?
25
Suppose 54 = -2*r + 64. Suppose r*p - 811 = 2*g, -4*p = -4*g - 286 - 370. Calculate the highest common factor of p and 23.
23
Suppose 1442 = 4*z - 5*h - h, -3*z = -5*h - 1083. What is the highest common divisor of z and 4?
4
Let g(n) = -4*n - 2. Let y(m) = 9*m + 5. Let x(q) = 10*g(q) + 4*y(q). Let a = -4 + 2. Let u be x(a). What is the highest common divisor of 12 and u?
4
Let c be (-12 + 36)/(-12) - (-1 - 23). Calculate the highest common divisor of 1078 and c.
22
Let s be ((-32)/(-3) - -1)/((-33)/(-1188)). Calculate the highest common factor of 10 and s.
10
Suppose 16*h = 13*h + 57. Let j(a) = a**3 - 11*a**2 - 24*a + 12. Let p be j(13). What is the greatest common divisor of h and p?
19
Let z = 6 - 4. Suppose j + 6 = -0*j + 5*r, -5*r = -2*j + 8. Suppose j*y = 11*y + 42. What is the highest common factor of z and y?
2
Let a be (18/(-1))/(18/(-9)). Suppose z - a = -4. Suppose -p + z*s = -37, 2*p + 4*s - 41 = 3*s. Calculate the highest common divisor of p and 11.
11
Suppose 11*z - 6*z = -2*r + 61, 2*z - 36 = 5*r. Calculate the highest common divisor of z and 13.
13
Let f(r) = 7*r**3 - 4*r**2 + 3*r + 2. Let c be f(2). Calculate the greatest common divisor of 768 and c.
48
Suppose 0 = 3*s - 0*m - 2*m - 176, -5*s + 308 = 4*m. Let y(f) = 1596*f + 1602. Let k be y(-1). Calculate the highest common divisor of s and k.
6
Let b = -546 - -571. Calculate the highest common factor of 40 and b.
5
Suppose -2 = -h - h. Let d = 6 - h. Suppose 17*j + 3*j = 200. Calculate the greatest common factor of j and d.
5
Suppose 1126 = 13*p - 1682. Suppose 0*b + 2 = 2*t + 2*b, 0 = -t - 5*b - 3. Suppose -t*x = x - p. Calculate the greatest common divisor of x and 24.
24
Let u(s) = s**3 - 5*s**2 - 13*s + 4. Let w be u(7). Let i = 179 - w. Calculate the greatest com